 4. Determine y(-3).
-25
Let m(f) = 7*f + 238. Calculate m(-35).
-7
Let u(y) = -2*y**3 + 11*y**2 + 2*y - 19. Calculate u(5).
16
Let p(u) = 11*u + 4. Calculate p(5).
59
Let w(p) = -p**2 + 4*p - 5. Give w(3).
-2
Let n(x) = x**2 - 3*x - 17. Give n(5).
-7
Let r(c) = -3*c - 35. Determine r(-14).
7
Let h(f) = 2*f**2 - 52*f - 16. Give h(26).
-16
Let o(a) = -a**3 + 7*a**2 + 9. What is o(8)?
-55
Let l(x) = -x**2 - 15*x - 21. Give l(-14).
-7
Let a(o) = o**3 - 7*o**2 - 7*o + 8. Determine a(7).
-41
Let n(l) = -6*l + 112. Give n(32).
-80
Let b(f) = 2*f**2 - 11*f - 15. What is b(7)?
6
Let g(v) = -25*v + 104. What is g(4)?
4
Let v(j) = -3*j + 3. Determine v(10).
-27
Let v(j) = j**3 - 11*j**2 - 4*j - 68. Determine v(12).
28
Let q(j) = 30*j - 203. Determine q(7).
7
Let j(g) = 9*g + 16. Determine j(12).
124
Let q(t) = 4*t**2 - 18*t - 41. Determine q(-2).
11
Let n(t) = 20*t - 645. Give n(32).
-5
Let r(u) = -u**3 - 3*u**2 + 7*u + 8. Determine r(-3).
-13
Let m(v) = -v**2 + 6*v + 45. What is m(11)?
-10
Let d(u) = u**2 + u - 2. Calculate d(0).
-2
Let a(m) = m**3 - 7*m**2 + 2*m - 15. What is a(7)?
-1
Let z(g) = 2*g**2 - 3. Calculate z(2).
5
Let z(k) = 2*k - 65. Calculate z(30).
-5
Let i(c) = -c**3 - 17*c**2 + 19*c + 34. Give i(-18).
16
Let a(n) = n**2 + 4*n + 6. What is a(-10)?
66
Let f(v) = v**3 - 8*v**2 - 33*v + 218. What is f(9)?
2
Let u(b) = b**3 + 55*b**2 - 19*b - 1040. Give u(-55).
5
Let b(q) = -q**3 - 20*q**2 + 22*q + 5. Determine b(-21).
-16
Let k(a) = -3*a + 11. What is k(6)?
-7
Let a(i) = i**2 - 47*i + 558. What is a(24)?
6
Let m(b) = b**2 + 22*b + 42. Determine m(-20).
2
Let n(t) = -10*t + 130. Determine n(13).
0
Let n(a) = 4*a**2 + 4*a - 2. Determine n(1).
6
Let l(k) = -12*k + 29. What is l(6)?
-43
Let h(q) = -q**3 + 5*q**2 - 4*q + 4. Calculate h(0).
4
Let d(v) = 2*v. What is d(7)?
14
Let s(t) = -31*t**3 - t**2 + 2*t - 2. Calculate s(1).
-32
Let d(u) = u**2 - 20*u + 110. Determine d(13).
19
Let g(p) = -p**2 + p + 2. What is g(2)?
0
Let b(z) = z**3 - 34*z**2 - 33*z - 95. Determine b(35).
-25
Let x(m) = -m**3 + 8*m**2 + 12*m - 4. Determine x(9).
23
Let z(g) = 6*g - 1. Determine z(-3).
-19
Let b(n) = -92*n**2 + n + 1. Give b(-1).
-92
Let d(c) = c**2 + 15*c - 48. Determine d(3).
6
Let k(m) = -m**2 - 2*m + 12. Determine k(0).
12
Let x(i) = i**3 + 3*i**2 - 4*i - 7. Determine x(-4).
-7
Let i(j) = -j**3 - 9*j**2 - 4*j - 8. What is i(-9)?
28
Let u(w) = -w**2 - 2*w - 3. Determine u(-2).
-3
Let a(l) = -15*l**3 + 1. Determine a(1).
-14
Let q(m) = -m**3 + 6*m**2 + 9*m - 10. Determine q(7).
4
Let o(f) = -f + 8. Calculate o(4).
4
Let m(a) = -7*a + 283. Give m(41).
-4
Let d(z) = 44*z**2 - z. Calculate d(1).
43
Let v(p) = 4*p + 180. Give v(-40).
20
Let h(w) = -w**2 + 6*w - 5. Determine h(6).
-5
Let p(d) = 9*d + 26. Calculate p(-3).
-1
Let n(b) = b**3 + 10*b**2 - 13*b - 15. Calculate n(-11).
7
Let l(y) = y**2 + 16*y + 46. Determine l(-12).
-2
Let q(y) = -y**3 - 4*y**2 + 5*y - 6. What is q(-5)?
-6
Let f(r) = -2*r - 12. Calculate f(9).
-30
Let u(m) = -m**2 - m + 14. Give u(-4).
2
Let x(w) = 3*w**2 - 6. Calculate x(3).
21
Let n(i) = 7*i + 1. Determine n(-1).
-6
Let j(o) = -o + 3. Determine j(8).
-5
Let y(b) = b**3 + 6*b**2 - 13*b - 12. Calculate y(-8).
-36
Let l(b) = -b**3 - 13*b**2 - 37*b - 306. Give l(-12).
-6
Let z(p) = 6*p - 4. Determine z(5).
26
Let t(j) = -j**2 + 3*j + 4. Calculate t(-2).
-6
Let n(c) = -c**3 + 7*c**2 + 5*c - 13. Determine n(7).
22
Let b(k) = k**3 - 6*k**2 - 3*k - 4. Give b(7).
24
Let b(q) = 377*q - 1502. Determine b(4).
6
Let p(n) = 12*n + 31. Give p(-5).
-29
Let t(b) = -b**2 + 16*b - 44. Give t(7).
19
Let a(g) = g**3 - 4*g**2 + g + 1. Determine a(1).
-1
Let r(m) = 15*m - 364. What is r(24)?
-4
Let a(d) = -34*d**2 + 1. Calculate a(1).
-33
Let q(v) = v**2 + 23*v + 139. Determine q(-12).
7
Let g(n) = -3*n + 16. What is g(5)?
1
Let r(w) = -7*w - 2. Calculate r(0).
-2
Let m(k) = k - 13. Give m(0).
-13
Let h(k) = -12*k + 52. What is h(5)?
-8
Let s(z) = z**3 + 5*z**2 + 3*z + 6. Determine s(-6).
-48
Let i(j) = 2*j**3 - 5*j**2 + 4*j - 6. Give i(4).
58
Let n(r) = -2*r**3 - 14*r**2 - 6*r + 2. Calculate n(-7).
44
Let z(g) = -g**3 - 37*g**2 + 2*g + 76. Calculate z(-37).
2
Let t(i) = 5*i**2 - 46*i + 3. Determine t(9).
-6
Let p(k) = k**3 - k**2 - 2*k + 2. What is p(0)?
2
Let w(i) = -2*i**2 - 23*i + 151. Calculate w(-16).
7
Let d(n) = n**3 + 6*n**2 - 8*n - 5. Calculate d(-6).
43
Let x(m) = 2*m**2 - 5*m - 5. Determine x(3).
-2
Let l(f) = -3*f + 14. Give l(9).
-13
Let n(x) = 11*x**2 + 19*x + 20. Determine n(-1).
12
Let c(i) = 2*i**2 - 3*i - 2. Calculate c(4).
18
Let d(q) = -q**3 + 24*q**2 + 21*q + 78. Determine d(25).
-22
Let m(z) = -z**3 + 10*z**2 - 21*z + 7. Calculate m(7).
7
Let b(r) = r - 4. Determine b(-5).
-9
Let z(t) = t**2 + 17*t - 104. Determine z(5).
6
Let k(g) = g**3 + 6*g**2 + 6*g. What is k(-4)?
8
Let o(j) = -j**3 + 7*j**2 + 10*j - 2. Determine o(8).
14
Let w(c) = -2*c**3 + 3*c**2 + 5*c - 9. Calculate w(3).
-21
Let v(x) = -4*x**3 + 4*x**2 + 7*x + 2. Give v(3).
-49
Let k(s) = 2*s**2 + 89*s - 54. Calculate k(-45).
-9
Let f(u) = u**3 + 6*u**2 - 10*u - 15. What is f(-7)?
6
Let x(g) = -4*g - 1. Determine x(-1).
3
Let h(o) = -o**3 - o**2 + o - 7. Determine h(0).
-7
Let q(x) = x**2 + 6*x + 2. Calculate q(5).
57
Let t(r) = -7*r + 40. Calculate t(7).
-9
Let s(z) = z**3 - 3*z - 18. What is s(0)?
-18
Let g(h) = h - 6. Determine g(2).
-4
Let l(j) = -j**2 - 4*j + 2. Give l(-5).
-3
Let i(j) = -j**2 + 6*j + 11. Determine i(7).
4
Let l(d) = -d**3 - 2*d + 6. What is l(4)?
-66
Let s(u) = -2*u**3 - 26*u**2 - 23*u + 17. Calculate s(-12).
5
Let h(i) = -13*i - 3. Give h(6).
-81
Let f(w) = -14*w - 5. What is f(-2)?
23
Let l(u) = -u**2 + 5*u + 4. Calculate l(5).
4
Let w(s) = 7*s + 52. Calculate w(-7).
3
Let v(p) = p**2 + 7*p - 10. What is v(-8)?
-2
Let o(a) = -5*a + 42. What is o(8)?
2
Let m(h) = -h**2 + 5*h + 5. Give m(6).
-1
Let m(g) = g - 8. Give m(4).
-4
Let x(n) = -n - 3. What is x(1)?
-4
Let b(a) = 15*a. Give b(2).
30
Let y(v) = -v**3 + 4*v**2 + 11*v - 20. Determine y(8).
-188
Let u(z) = z + 34. Determine u(-15).
19
Let q(y) = 23*y + 26. Give q(-1).
3
Let b(w) = w**3 + 25*w**2 + 45*w + 15. What is b(-23)?
38
Let j(w) = w**3 - 6*w + 12. Calculate j(5).
107
Let a(x) = -x**3 - 14*x**2 + 14*x - 9. Calculate a(-15).
6
Let f(n) = -28*n + 455. What is f(16)?
7
Let x(g) = g**2 - 21*g - 5. What is x(20)?
-25
Let z(k) = -k**2 + 5*k - 2. Calculate z(5).
-2
Let a(r) = -r**3 - r**2 + 10*r + 21. Calculate a(-2).
5
Let r(f) = -3*f + 51. Calculate r(-26).
129
Let s(g) = -2*g + 38. What is s(0)?
38
Let i(l) = 3*l**3 - 4*l**2 - 7*l + 23. Calculate i(3).
47
Let r(p) = p**3 + 7*p**2 + 7*p + 13. Determine r(-6).
7
Let x(l) = -l**3 - 6*l**2 + 10*l + 18. Calculate x(-7).
-3
Let z(q) = 20*q**2 - 2*q - 15. Give z(3).
159
Let s(y) = 8*y - 53. What is s(6)?
-5
Let p(g) = -g**3 + 6*g**2 - 2*g. Calculate p(0).
0
Let x(i) = -8*i - 31. Calculate x(-3).
-7
Let q(t) = -t**2 + 46*t + 53. Give q(47).
6
Let m(q) = q**3 + 16*q**2 + 12*q - 41. What is m(-15)?
4
Let x(u) = 6*u + 161. Give x(-22).
29
Let o(p) = -2*p**2 + 48*p - 91. Give o(2).
-3
Let y(c) = -6*c + 25. Calculate y(-12).
97
Let s(v) = -3*v**2 + 30*v + 13. Give s(13).
-104
Let x(a) = -a + 20. What is x(7)?
13
Let k(g) = 2*g**2 - 9*g + 6. Calculate k(4).
2
Let a(g) = -g**3 + 6*g**2 + g - 3. Calculate a(6).
3
Let b(v) = v**2 + v - 37. Calculate b(-7).
5
Let r(a) = -a**3 - 8*a**2 - 6*a + 13. What is r(-7)?
6
Let i(d) = 4*d**3 - 16*d**2 + 7*d + 14. What is i(3)?
-1
Let b(t) = -2*t**2 - 7*t + 12. Give b(-5).
-3
Let l(a) = a**2 - 6*a - 5. Calculate l(8).
11
Let v(y) = 5*y**2 + 67*y - 33. What is v(-14)?
9
Let q(k) = -4*k**2 + 37*k - 21. Determine q(10).
-51
Let h(y) = -y**3 - 6*y**2 + 3*y - 6. What is h(-6)?
-24
Let a(t) = -36*t - 30. Determine a(-1).
6
Let k(p) = -p**2 + 7*p + 13. What is k(9)?
-5
Let r(d) = d**2 - 54*d + 6. Give r(54).
6
Let c(y) = -7*y - 571. Calculate c(-80).
-11
Let h(t) = t**2 + 3*t + 8. Give h(-7).
36
Let h(q) = -8*q + 31. Determine h(3).
7
Let a(x) = x**3 + 13*x**2 + 4*x + 4. Calculate a(-13).
-48
Let f(m) = -23*m - 4. Determine f(-2).
42
Let d(w) = -w**3 + 12*w**2 - w + 18. Give d(12).
6
Let u(g) = g**2 - g. Calculate u(-7).
56
Let h(u) = 4*u**2 + 14*u + 2. Calculate h(-4).
10
Let g(u) = -2*u**2 - u - 5. Give g(4).
-41
Let v(c